ctor of 634970 and 2632.
658
Calculate the highest common divisor of 18105 and 680.
85
Calculate the highest common factor of 6017 and 704.
11
Calculate the highest common divisor of 57452 and 1897.
271
What is the highest common divisor of 10325 and 590?
295
Calculate the highest common factor of 127 and 2238883.
127
What is the greatest common factor of 3358 and 1150?
46
Calculate the highest common factor of 252990 and 144.
18
Calculate the highest common factor of 484 and 125598.
242
What is the greatest common divisor of 70 and 244174?
14
What is the greatest common divisor of 3392 and 512?
64
What is the greatest common factor of 22217 and 793?
13
Calculate the highest common divisor of 390 and 3924648.
78
Calculate the highest common divisor of 30 and 456510.
30
What is the highest common factor of 8213 and 86?
43
Calculate the greatest common divisor of 1209 and 17511.
39
What is the greatest common factor of 3560 and 5880?
40
What is the greatest common factor of 6 and 40128?
6
What is the greatest common factor of 325726 and 73?
73
Calculate the greatest common divisor of 225 and 3075.
75
Calculate the greatest common divisor of 58436 and 980.
28
What is the greatest common divisor of 27005 and 440?
55
What is the greatest common divisor of 1859 and 32032?
143
Calculate the greatest common divisor of 244431 and 99.
99
What is the greatest common divisor of 10097 and 46?
23
Calculate the greatest common divisor of 1205 and 46.
1
Calculate the greatest common divisor of 1853376 and 224.
224
What is the greatest common divisor of 15669 and 27?
9
Calculate the highest common factor of 10 and 18910.
10
What is the greatest common factor of 7460 and 25?
5
Calculate the highest common factor of 751651 and 58.
29
What is the greatest common factor of 23424 and 4575?
183
Calculate the highest common divisor of 658 and 70.
14
Calculate the greatest common factor of 220890 and 9102.
222
Calculate the greatest common divisor of 614496 and 192.
96
Calculate the greatest common factor of 918 and 11560.
34
What is the greatest common factor of 1866 and 30?
6
What is the greatest common divisor of 902 and 4059?
451
What is the greatest common factor of 43748 and 6?
2
Calculate the highest common factor of 11680 and 6480.
80
What is the greatest common divisor of 468 and 1108?
4
What is the greatest common divisor of 227172 and 924?
132
Calculate the greatest common factor of 132149 and 515.
103
Calculate the greatest common divisor of 864 and 3444.
12
Calculate the highest common divisor of 8 and 581144.
8
What is the highest common factor of 3249700 and 100?
100
What is the greatest common factor of 114 and 468673?
19
What is the greatest common factor of 250 and 2765?
5
What is the greatest common factor of 43669 and 1?
1
What is the highest common factor of 76 and 2926?
38
Calculate the greatest common factor of 347440 and 688.
688
What is the greatest common factor of 10616 and 5623826?
2654
What is the highest common divisor of 31760 and 48?
16
What is the highest common divisor of 220 and 11264?
44
What is the highest common factor of 28 and 27640?
4
Calculate the greatest common divisor of 163191 and 2045.
409
Calculate the highest common divisor of 370 and 424205.
185
Calculate the greatest common factor of 14700 and 77100.
300
What is the greatest common factor of 15806 and 490?
14
Calculate the highest common divisor of 1170 and 3822156.
234
Calculate the greatest common divisor of 105 and 656215.
35
Calculate the greatest common factor of 31413 and 111.
111
Calculate the highest common factor of 157316 and 15410.
134
What is the highest common divisor of 350250 and 725?
25
What is the highest common divisor of 178 and 3113220?
178
Calculate the highest common divisor of 2270 and 940.
10
What is the highest common divisor of 2232 and 88?
8
What is the highest common factor of 32080 and 290?
10
What is the greatest common factor of 3788 and 218?
2
Calculate the highest common factor of 215048 and 28.
4
Calculate the greatest common factor of 17085 and 510.
255
What is the greatest common divisor of 41600 and 4320?
160
Calculate the greatest common divisor of 34920 and 510.
30
What is the highest common divisor of 35912 and 2376?
8
What is the greatest common factor of 12960 and 27900?
180
What is the greatest common factor of 77028 and 10218?
786
Calculate the greatest common divisor of 212 and 606161.
53
What is the greatest common factor of 25296 and 969?
51
Calculate the highest common divisor of 6669 and 17271.
171
Calculate the greatest common divisor of 319 and 4609.
11
Calculate the greatest common factor of 1626 and 137939.
271
Calculate the highest common factor of 6224 and 238846.
778
Calculate the greatest common factor of 22 and 5626060.
22
What is the highest common divisor of 5146 and 2988?
166
Calculate the greatest common factor of 225 and 64899.
9
What is the highest common factor of 6726 and 1425?
57
What is the highest common factor of 111 and 213971?
37
Calculate the highest common factor of 80136 and 15435.
63
Calculate the highest common divisor of 10388 and 672.
28
Calculate the highest common factor of 58920 and 360.
120
Calculate the highest common factor of 284648 and 7084.
644
Calculate the highest common factor of 1010 and 321786.
202
Calculate the highest common divisor of 69372 and 30.
6
Calculate the greatest common divisor of 756 and 315.
63
Calculate the highest common divisor of 155 and 54715.
155
Calculate the greatest common factor of 570275 and 25.
25
Calculate the highest common factor of 2108 and 2842638.
1054
Calculate the highest common factor of 1 and 285330.
1
Calculate the greatest common factor of 101628 and 324.
108
What is the greatest common divisor of 46 and 52141?
23
What is the highest common factor of 12178800 and 425?
425
What is the greatest common divisor of 211071 and 399?
399
Calculate the highest common divisor of 4838 and 492.
82
Calculate the highest common factor of 232 and 87812.
116
What is the highest common factor of 1824 and 3936?
96
Calculate the highest common divisor of 119 and 4935.
7
What is the highest common divisor of 51732 and 162?
54
Calculate the greatest common factor of 6288 and 590548.
524
Calculate the highest common divisor of 3863 and 540.
1
What is the highest common divisor of 53109 and 378?
189
What is the greatest common divisor of 19285 and 8645?
665
Calculate the greatest common divisor of 74084 and 20.
4
What is the greatest common divisor of 1720 and 2920?
40
What is the greatest common factor of 2376 and 334422?
594
What is the greatest common factor of 1105 and 162695?
65
What is the greatest common factor of 110 and 429330?
110
What is the greatest common divisor of 88 and 311384?
8
Calculate the highest common divisor of 192269 and 19481.
847
What is the highest common factor of 336 and 31822?
14
What is the highest common divisor of 14 and 4003118?
14
Calculate the highest common divisor of 298 and 1198109.
149
Calculate the highest common factor of 497 and 6177.
71
Calculate the highest common divisor of 2944 and 1152.
128
Calculate the greatest common factor of 25 and 309950.
25
What is the greatest common divisor of 1716 and 1924?
52
What is the greatest common factor of 162 and 600858?
162
Calculate the greatest common factor of 1032 and 65790.
258
Calculate the highest common factor of 562905 and 180.
45
What is the greatest common factor of 13680 and 12720?
240
What is the highest common factor of 4570 and 19610?
10
What is the greatest common divisor of 390 and 1236885?
195
What is the greatest common divisor of 329273 and 357?
119
Calculate the highest common factor of 6954 and 694302.
366
What is the greatest common divisor of 66729 and 1856?
29
What is the highest common factor of 1124 and 4215?
281
Calculate the greatest common factor of 1334 and 164894.
58
Calculate the highest common factor of 5716099 and 1607.
1607
What is the greatest common divisor of 115322 and 545?
109
What is the highest common divisor of 818146 and 14?
14
What is the highest common factor of 64806 and 6?
6
Calculate the highest common divisor of 78 and 8547942.
78
Calculate the highest common divisor of 617 and 169.
1
Calculate the highest common divisor 